 List the prime factors of h(-12).
2, 67
List the prime factors of -4*4/(48/(-51)).
17
Suppose z = 2*z - 52. Suppose 0 = -4*o + 8*o - z. What are the prime factors of o?
13
Suppose 3*n + 21 = 4*v - 11, 4*n = 5*v - 41. Suppose 2*c - v*c + 51 = 0. Let j = 27 - c. What are the prime factors of j?
2, 5
Suppose 14*a - 405 = 5*a. What are the prime factors of a?
3, 5
List the prime factors of 54 + -1 + (-2 - -1).
2, 13
Let r(s) be the second derivative of 1/2*s**2 + 7/6*s**3 + 0 - 3*s. What are the prime factors of r(1)?
2
Let o = 38 - 6. List the prime factors of o.
2
Let b(h) = h**3 - 2*h**2 - h - 3. Let a be b(3). Suppose -3*k + 2*k = a. What are the prime factors of (-3 + (-3)/k)*-1?
2
List the prime factors of 10/(-4)*(-2618)/55.
7, 17
Let p = 8 + -4. Suppose p*r = -7 + 139. List the prime factors of r.
3, 11
Let f = 269 - 183. List the prime factors of f.
2, 43
Let q(t) = 0 + 0 + t - 2. Suppose -2*w - 12 = -5*w. List the prime factors of q(w).
2
Let z = -8 + 16. Let p(u) = -u - 5. Let s(g) = g + 5. Let l(v) = 3*p(v) + 4*s(v). What are the prime factors of l(z)?
13
Let p = 200 + -92. What are the prime factors of p?
2, 3
Suppose 80 = 6*k - 442. List the prime factors of k.
3, 29
Suppose 5*g - 4*i + 5 = 0, g + g = i + 1. Suppose -b = g*b. Suppose b = -d - 2 + 4. List the prime factors of d.
2
Let c(o) be the second derivative of -o**3/6 + 9*o**2/2 - 4*o. What are the prime factors of c(-11)?
2, 5
Let i(z) be the third derivative of -z**6/360 - z**5/24 + z**4/12 + z**3/3 + z**2. Let b(u) be the first derivative of i(u). List the prime factors of b(-4).
2, 3
Suppose 85 = 4*m - 3. Suppose -4*c - 6 + m = 0. Suppose -c*l + 16 = 0, -3*i + l + 0*l + 32 = 0. What are the prime factors of i?
2, 3
List the prime factors of 68/8*(13 - -3).
2, 17
Let v(w) = -w**3 - 5*w**2 + 6*w + 1. Let p be v(-6). Let h(r) = 12*r - 1. List the prime factors of h(p).
11
Let f(l) = -6*l - 1. Let c be f(-1). Let o = 10 - c. Suppose 3*s + 7*y = 3*y + 47, y - o = 0. List the prime factors of s.
3
Suppose 0 = -5*y - 0*y + 45. Suppose -y = -s + 10. What are the prime factors of s?
19
Let m = -186 + 497. List the prime factors of m.
311
Let r(c) = 5*c + 8. What are the prime factors of r(10)?
2, 29
Let b = -28 + 19. Let o be (-4)/(-30) + 2296/(-120). Let n = b - o. What are the prime factors of n?
2, 5
Let t be (-4 + 3/1)*0. Suppose t*u = u - 21. What are the prime factors of u?
3, 7
What are the prime factors of 5/4*(-16)/(-40)*162?
3
Suppose -3*m = -2*z - 21, 4*m - 3*z = m + 21. Let f(h) be the first derivative of -h**3/3 + 4*h**2 - 4*h + 1. List the prime factors of f(m).
3
Suppose 2*v - 38 = 4*y - 10, 0 = 3*y - 3*v + 27. Let r be y/((-10)/(-212)) + 1. List the prime factors of 2/(-3) - r/9.
11
Let q(o) = -o - 4. Let h be q(-4). Suppose 2*f + 5*b - 57 = 0, 2*b - 4 = -2*b. Suppose -2*i + h*i = -f. List the prime factors of i.
13
List the prime factors of (-1)/(1*(-6)/30).
5
Let i(a) = -a**3 + 8*a**2 - 6*a - 3. Let x be i(5). Let w = -19 + x. What are the prime factors of w?
23
Suppose 2*m = 4*a + 102, -6*a - 128 = -a - 3*m. Let x = a - -35. Let w = x + -4. What are the prime factors of w?
2, 3
Let v = 68 - -23. What are the prime factors of v?
7, 13
Suppose -2*y = 14 - 298. What are the prime factors of y?
2, 71
Let t(l) = l + 9. Let x be t(-20). Suppose 0*w - 4 = -2*w. Let a = w - x. List the prime factors of a.
13
Suppose -2*i - 120 = 2*i. Let q = 44 + i. What are the prime factors of q?
2, 7
Suppose 0 = 4*t - 2*m - 124 + 28, -96 = -4*t - 4*m. List the prime factors of t.
2, 3
Let m = 11 - -5. Let s = 27 - m. What are the prime factors of s?
11
Suppose 0 = 5*t - 127 - 68. What are the prime factors of t?
3, 13
Suppose 3*w + 20 = s, -s + 3*w + 80 = 3*s. What are the prime factors of s?
2, 5
Let y = 15 - -10. Suppose 10*p - 5*p = y. List the prime factors of p.
5
Let y = -16 - -21. Suppose 4*l - 25 = -5*t, 6*l = l - 3*t + 15. Suppose y*p - 27 = -f - l*f, -8 = -2*p. List the prime factors of f.
7
Suppose -4*v = -9*v. Suppose 7*x - 4*x - 78 = v. What are the prime factors of x?
2, 13
Let i(t) = t**3 - 3*t**2 - 17*t - 11. What are the prime factors of i(8)?
173
Let c(u) = -u**3 - 6*u**2 - 5*u + 7. Suppose -3*b + 9 + 36 = -3*o, o - 93 = -5*b. Suppose -3*m + 2*v - b = m, 4*v = 3*m + 11. List the prime factors of c(m).
7
Let c(x) = 6*x**3 + 4*x - 4*x - 5*x**2 + 2*x**2. List the prime factors of c(2).
2, 3
Let b = 4 - 3. Let q = 3 + b. List the prime factors of q.
2
Let t(l) = l**2 - 16*l + 17. What are the prime factors of t(19)?
2, 37
Suppose 0*k - 2*k = -98. Let w = k + -4. What are the prime factors of w?
3, 5
Let w = -36 + 63. Suppose -4*x = -x - w. List the prime factors of x.
3
Suppose -4*l - l + y = -2, -2*l - 8 = 4*y. Suppose l = -4*m + 40 + 56. Suppose 3*g + o = -0*o + 20, -g + m = -4*o. List the prime factors of g.
2
Suppose -2*w = 2*w. Suppose w = -2*b + b + 13. Let l = -4 + b. What are the prime factors of l?
3
Suppose -15 + 5 = -5*h. Suppose r + 5 = h*r. List the prime factors of r.
5
Suppose 2*j = -0*j + 8. Suppose z = 5*w - 17, -2*w + 2*z = j*z - 14. Suppose -4*y - 42 = -3*k, 3*k = -w*y + 16 + 26. What are the prime factors of k?
2, 7
Suppose 0 = -6*v + 2*v. Let o = v - 0. List the prime factors of (-14)/(-2)*(1 + o).
7
Let n = 26 - 19. What are the prime factors of n?
7
Let h = -5 - -10. What are the prime factors of h?
5
Let j be -22 - -2*(-2 + 1). Let u = -44 - j. Let o = -11 - u. List the prime factors of o.
3
Suppose 3*n + a = 3 + 6, -3*a + 3 = n. Suppose -3*k = 4*c - n*c - 18, 0 = 3*c + 3*k - 30. List the prime factors of c.
2, 3
Let l(m) = -m + 1. Let s(i) = -i + 4. Let h(b) = 4*l(b) - s(b). What are the prime factors of h(-4)?
2, 3
Let r = 75 - 44. Suppose -4*f + 0*f + 52 = -4*y, 3*f + 5*y - r = 0. List the prime factors of f.
2, 3
Suppose b + 9 + 1 = 0. Let k be 3/2 - 25/b. Suppose 0 = -k*a, -2*r - 4*a + 1 = -33. What are the prime factors of r?
17
Suppose -3*u + 24 = -4*l, 0 = 2*u + 4*l + 4 - 0. Suppose 0*r - u = -r. List the prime factors of r.
2
What are the prime factors of -4 + (54/1 - -2)?
2, 13
Suppose t = d - 5 + 1, 0 = -d + 3*t. What are the prime factors of ((-16)/d)/((-2)/9)?
2, 3
Suppose 0 = -5*o - 337 + 922. What are the prime factors of o?
3, 13
What are the prime factors of (28/(-21))/((-1)/15)?
2, 5
Let l = 79 - -29. What are the prime factors of l?
2, 3
Suppose -2*b - 3*d = -0*b - 69, -76 = -2*b + 4*d. List the prime factors of b.
2, 3
Suppose -3*h + x + 2*x = 12, 5*h - 8 = -2*x. Suppose q + h*q - 3 = 0. Suppose r + 15 = 4*r - q*j, 2*j = r - 6. What are the prime factors of r?
2
Let m(j) = j**3 - 10*j**2 + 11*j - 2. List the prime factors of m(9).
2
Let l(t) = 2*t. Let j = 15 + -8. What are the prime factors of l(j)?
2, 7
Suppose 5*p = 4*p. Suppose -4*u + u + 102 = p. What are the prime factors of u?
2, 17
Suppose 0 = -4*u + 5*u + 5*d - 23, -1 = u - d. Suppose 0 = 5*h + 4*w - 82, -4*w + u*w = 2. What are the prime factors of h?
2, 3
Let m(z) be the third derivative of -z**4/6 - 8*z**3/3 + 2*z**2. Let a be m(-11). List the prime factors of (-1)/(a/(-26) + 1).
13
Let f(s) = 13 - s**3 - 4*s**2 - 13 - 6*s. What are the prime factors of f(-4)?
2, 3
List the prime factors of 148/(-4)*(-4 - -3).
37
Let z = -5 + 8. Suppose 0 = 3*r - r + 2*i - 26, -z*r + 34 = 4*i. What are the prime factors of r?
2, 3
Suppose 0 = -0*t - t + 15. List the prime factors of t.
3, 5
Suppose 3*z + 2*z = -515. Let l = -70 - z. Suppose -2*j + l = j. What are the prime factors of j?
11
Suppose 0 = 3*z + 3*w, -3*w - 14 = -3*z - z. Suppose -4*k + z*x - 3 = x, 3*k - x = -3. Suppose q - 12 + 0 = k. List the prime factors of q.
2, 3
Let f = -3 - -8. Suppose -f*p + 84 = 4*o, 2*o - p - 56 = -0*o. What are the prime factors of o?
2, 13
Let r be (12/8)/(3/(-16)). Let g = 12 + r. What are the prime factors of g?
2
Let m(t) = -t**2 + 16*t - 6. What are the prime factors of m(11)?
7
Suppose l - 5*l + 124 = 0. List the prime factors of l.
31
Suppose 2*k = 79 + 25. List the prime factors of k.
2, 13
Suppose -2*z + 8 = 0, 0 = 2*i + 3*z + z - 16. Suppose 4*n + 0*n - 4*a - 40 = i, 5*n = 2*a + 44. List the prime factors of n.
2
Let k be (-1)/((-3)/(-1 - -19)). Suppose 2*q + 2*h + 0 = k, q = 2*h. Suppose -q*n + 22 = -16. List the prime factors of n.
19
What are the prime factors of 8/1 + -4 -